 = 11*j**2 - 12*j - 7. Let k(f) = 13*a(f) + 6*t(f). List the prime factors of k(-8).
2, 13
Suppose 44 = 2*j - 0*j - 4*y, y + 19 = j. Suppose 2*o = -4*n - 6, -o + 2 = -5*n - j. Suppose 0 = 3*b + 15, -4*z + 2*z + 1 = o*b. List the prime factors of z.
2
Suppose -f + 19 + 4 = -2*w, 5*w + 72 = 3*f. Suppose 0 = -z + f - 3. Suppose -z = -2*p - 2. What are the prime factors of p?
2, 3
Suppose m = -2 + 11. Let t = 23 - m. Suppose -3*y = 5*a - 2*y - t, 0 = 3*a + 5*y - 4. What are the prime factors of a?
3
Let p = -49 + 104. What are the prime factors of p?
5, 11
Let z(g) = -4*g - 2 - 1 + 1 - g. Let s be z(-6). Let c = -15 + s. List the prime factors of c.
13
Let m be (20/(-6))/((-14)/21). Let g = m + 0. What are the prime factors of g?
5
Let k be (-18)/(-8)*8/3. Let a = -3 + k. List the prime factors of a.
3
Let i = -38 + 69. Let d = 47 - i. What are the prime factors of d?
2
Let a be 5/(-15) + 19/3. Let j = 34 - a. Let c = -19 + j. What are the prime factors of c?
3
Let x(z) = -z**2 + 3*z. Let o be x(4). Let q(c) = -11*c + 2. List the prime factors of q(o).
2, 23
Let z(p) = -p**3 - 11*p**2 - p + 9. What are the prime factors of z(-11)?
2, 5
Let r = 79 + -13. List the prime factors of r.
2, 3, 11
Let g = 10 - 5. Suppose 2*a - 2*u - 16 = 0, -2*a + 22 = -0*a - g*u. Suppose 0 = -4*y + 10 + a. List the prime factors of y.
2
Let c be (2/(-5))/(1/(-5)). Suppose 2 = 2*b, 6*h - 5*b + 45 = c*h. Let m = -7 - h. What are the prime factors of m?
3
Let d(x) = -2*x - 3. Let b be d(-2). Let i = -2 + b. Let v = i - -6. List the prime factors of v.
5
Let m(y) = 4*y. List the prime factors of m(4).
2
Suppose 4*c = l + c - 36, -3*l + 3*c + 114 = 0. List the prime factors of l.
3, 13
Let q(z) = 2*z - 16. Let g be 2/(3 - 37/13). List the prime factors of q(g).
2, 5
Let n be -3*2/4*-2. Suppose n*m - 13 = 2. Suppose 0*k - m = -k. What are the prime factors of k?
5
Let v(p) = 2*p + 2. Let r be v(5). Suppose -41 = -i - r. Let d = -19 + i. List the prime factors of d.
2, 5
Suppose 3*w - 4*w = -2. Suppose -1 - w = -3*x. Let d = x - -5. List the prime factors of d.
2, 3
Suppose -4*w - 76 = -2*o, 48 = o - w + 4*w. Let s = o + -22. What are the prime factors of s?
2, 5
List the prime factors of 8/14 - 206/(-7).
2, 3, 5
Let o be (-2)/(-4)*(-1 - -1). What are the prime factors of (o + 6/3)*8?
2
Let i = -21 + 54. List the prime factors of i.
3, 11
Let z = 2 - 0. Suppose -46 = -4*x - f, z*f - 32 = -3*x - 0*f. Let s = -4 + x. What are the prime factors of s?
2
Let o = -7 - -5. Let k be (-13)/o*50/5. Suppose -5*v + 5*s = -k, 0 = -3*v + 2*s - 7*s + 15. List the prime factors of v.
2, 5
Let v be (-21)/(-5) - 1/5. Suppose 0*s = -v*s + 20. Suppose -s*x = -40 - 0. What are the prime factors of x?
2
List the prime factors of (11/2 - 2)*2.
7
Suppose 4*p - 7 = 29. Suppose d - 2 = p. List the prime factors of d.
11
Let m(x) = -20*x**3 - 3*x**2 - x + 1. List the prime factors of m(-1).
19
Let i(l) = -l**2 + 16*l - 8. What are the prime factors of i(6)?
2, 13
What are the prime factors of 66/(-5)*60/(-24)?
3, 11
Suppose 0 = 4*b - 2 - 2. Let r be 2*14 + b + 1. Suppose -3*q + r = 2*q. List the prime factors of q.
2, 3
Let g(j) = j**3 + 30. What are the prime factors of g(0)?
2, 3, 5
Let b be (28/6)/(9/(-27)). Let n = b + 58. What are the prime factors of n?
2, 11
Suppose 14 = m - 27. What are the prime factors of m?
41
Let w(u) = -8*u - 5. Let y be w(-6). Let o = 3 + y. What are the prime factors of o?
2, 23
Let q(j) be the second derivative of -j**4/12 - 5*j**3/3 - 11*j**2/2 - 3*j. What are the prime factors of q(-8)?
5
Let s(v) = 41*v. What are the prime factors of s(1)?
41
Let t(y) = 4*y - 12. Suppose 5*v = -3*p + 52, v - 3*v + 2*p = -8. List the prime factors of t(v).
2, 5
Suppose -4*l - l + 20 = 0. Suppose -a + l*a + 3*p - 18 = 0, -5*a + p + 42 = 0. List the prime factors of a.
2
What are the prime factors of (-16)/4 - -42 - -3?
41
What are the prime factors of ((-106)/(-3))/((-2)/(-3))?
53
Suppose n + 3*n = 4*f - 52, -5*f = -3*n - 59. Suppose -h = 4*h - f. What are the prime factors of h?
2
Let t = -130 + 199. Suppose -3*w - t = s, 2*w - 3*w = 5*s + 387. List the prime factors of ((-4)/(-6))/((-4)/s).
13
Let g = -321 + 620. List the prime factors of g.
13, 23
Let o(q) = 38*q**3 + q**2 + 2*q - 2. What are the prime factors of o(1)?
3, 13
Let h(p) = -p**3 - 7*p**2 - 3*p - 4. Let r be h(-7). Let o = 30 - r. List the prime factors of o.
13
Suppose 3 = 3*i + r, i - 2*r - 12 = -2*i. List the prime factors of i.
2
Let m(l) = l**2 - 4*l + 6. List the prime factors of m(11).
83
Suppose -5*b = b - 618. List the prime factors of b.
103
Suppose 5 = 6*w - w. Suppose -5 = -4*i - w. Let k = i + 3. What are the prime factors of k?
2
Let o be -3*1/3*2. Let g(r) = r + 1. Let b(l) = 3*l + 12. Let f(k) = o*g(k) + b(k). List the prime factors of f(-7).
3
Let f be (-142)/(-4)*2 - -1. Let z be (-4)/14 - f/(-7). What are the prime factors of (-2)/(-5) + 86/z?
3
Suppose 3*s + 5*b = 77, 2*s = 5*s + b - 61. List the prime factors of s.
19
Let g = 184 - 115. What are the prime factors of g?
3, 23
List the prime factors of (1 - -44) + -9 + 12.
2, 3
Suppose -157 = -3*y + 74. Let h = -33 + y. List the prime factors of h.
2, 11
Let i = 1 + 8. List the prime factors of i.
3
Let u = 260 + -172. Suppose -3*x = 4*q - 19 - 47, -4*x + 3*q = -u. List the prime factors of x.
2, 11
Let j(l) = l**3 + 7*l**2 - 7*l + 11. Let g be j(-8). Suppose 2*q = g*m + 81, -117 = -4*q - 2*m - m. List the prime factors of q.
3, 11
Suppose -6*w = -4*w + 4*t - 200, -w + 3*t = -125. List the prime factors of w.
2, 5, 11
Let p(y) = y + 2. Let n be p(-5). Suppose 3*j = k - 6, 3*k - 8 - 23 = -4*j. Let w = n + k. List the prime factors of w.
2, 3
Let w(v) = v**2 + v. Let f be w(-4). Let x = f - 6. List the prime factors of x.
2, 3
Let j = 8 - 5. Suppose -j*w + 32 = x, -w + 4*x - x = -4. What are the prime factors of w?
2, 5
Let v(d) = 4*d - 13. Let r be v(13). List the prime factors of r + 6*(-3)/6.
2, 3
Suppose 0 = -c - 5*w + 3 - 1, -w = c - 6. Let s(p) = 2*p**2 - 7*p - 4. List the prime factors of s(c).
3, 5
Suppose 4*d - 104 = 636. What are the prime factors of d?
5, 37
Suppose -3 - 5 = -4*h. Suppose -h*r = -r + 4. Let t = 1 - r. List the prime factors of t.
5
Let m be (-42)/(-9) + (-2)/(-6). Suppose 0 = -2*i - x + m*x - 12, 4*x - 16 = 0. List the prime factors of i.
2
Let v = -117 + 169. What are the prime factors of v?
2, 13
Suppose 2*y - 2*f = -2*y + 16, -2*f - 8 = 0. Suppose -33 = -3*h - y*a, -h + 4*a = -0*h - 11. List the prime factors of h.
11
Suppose 2*t - 4*t + 22 = 0. Let u = -4 + t. List the prime factors of u.
7
What are the prime factors of (-8)/(-28) + 1028/28?
37
Suppose 5*d - 3*f - 144 = 0, -5*d - 26 = 2*f - 180. What are the prime factors of d?
2, 3, 5
Let h be (-3)/6 + (-3)/(-6). List the prime factors of 1 + h/4 + 36.
37
Let j = -1 + 3. Let v(k) be the first derivative of 4*k**3/3 - 3*k**2/2 + 2*k - 1. List the prime factors of v(j).
2, 3
Let c be (36/10)/(2/30). Let z be 12/c - 40/18. What are the prime factors of z/5 - 51/(-15)?
3
Suppose -4 = -2*c - 2*c. Let d = c + -4. Let q = d + 9. What are the prime factors of q?
2, 3
What are the prime factors of (4 - -8) + 1/1?
13
Let n(y) be the first derivative of 11*y**3/3 + y**2/2 - y - 1. Let q(o) = o**3 - 2*o**2 + o - 1. Let t be q(2). List the prime factors of n(t).
11
Let o = 3 + -3. Suppose o = -5*d - 18 + 188. List the prime factors of d.
2, 17
Let v = 5 + -5. Suppose 2*g = -5*x + 44, 22 = g - v*x + 5*x. Suppose -22 - g = -4*i. List the prime factors of i.
11
Suppose 3*u - 495 + 204 = 0. List the prime factors of u.
97
Suppose v = -0*v + 4*f + 11, -3*f = 5*v - 9. Let s = -5 + v. List the prime factors of (s + 3)*4/2.
2
Suppose -14 = -4*c - 5*m - 6, -5*c - m - 11 = 0. Let v(a) = a**2 + 4*a + 8. Let f be v(-6). Let u = f + c. What are the prime factors of u?
17
Let t be 2 + -5 - (-5 - 0). Let x be 4/(-18) - 76/(-18). Let i = x - t. What are the prime factors of i?
2
Let m = -6 - -3. What are the prime factors of m*2/3 + 17?
3, 5
Let k be 2/3 + 414/27. Suppose 25 = 3*r + 2*r, -r - k = -3*c. List the prime factors of c.
7
Suppose -2*l + 0*l + 124 = 0. List the prime factors of l.
2, 31
What are the prime factors of (-309)/(-4) - (-22)/(-88)?
7, 11
Let b = 422 - 46. List the prime facto